ase 7, what is -5 + -221262531?
-221262536
In base 14, what is -9d + -814?
-8b3
In base 12, what is -6 - 2133843?
-2133849
In base 5, what is -1 + -3110032323?
-3110032324
In base 3, what is -11011 - 102202010122?
-102202021210
In base 16, what is 66 - -20515?
2057b
In base 2, what is -110 - -11010101101110100110010?
11010101101110100101100
In base 3, what is -1 + 10000000002200?
10000000002122
In base 10, what is -526274 + -7?
-526281
In base 5, what is 11143 + -1003133?
-441440
In base 10, what is 28 + -277286?
-277258
In base 10, what is -297945 + 1938?
-296007
In base 7, what is -2133134035 + -2?
-2133134040
In base 4, what is -12012322032 + -10?
-12012322102
In base 8, what is 644 + 22417?
23263
In base 9, what is 168435 - -24?
168460
In base 11, what is -6 - -10669a14?
10669a09
In base 12, what is -754 + 10ab1?
10359
In base 16, what is e + -593fd?
-593ef
In base 13, what is -22 - a3c95?
-a3cb7
In base 16, what is 12 - -d75f6b?
d75f7d
In base 7, what is 5 - 546611242?
-546611234
In base 7, what is 3122643441 - 5?
3122643433
In base 7, what is 31 - 203511025?
-203510664
In base 8, what is -113041 - -33666?
-57153
In base 3, what is 10 + 12112011201121?
12112011201201
In base 2, what is -100001101101101 - 11000111011?
-100100110101000
In base 8, what is 0 - -157533325?
157533325
In base 14, what is 188 + cabc?
cc66
In base 8, what is -12 + 10217?
10205
In base 15, what is 3143b5 + -5?
3143b0
In base 5, what is 230103 - 3244?
221304
In base 13, what is -5264 + 3b01?
-1463
In base 13, what is 320 + 15b966?
15bc86
In base 11, what is 138155a6 + -a?
13815597
In base 2, what is 101101110110 + 100110000111001?
101011110101111
In base 12, what is -312568b9 + -4?
-31256901
In base 2, what is -1010 - -1010000000100001101?
1010000000100000011
In base 3, what is 10122222102 - 20020?
10122202012
In base 3, what is -11202 + -22000010200?
-22000022102
In base 3, what is 10122211100 - 12210111?
10110000212
In base 14, what is 1c64231 + -3?
1c6422c
In base 3, what is -1202101112222200 + 0?
-1202101112222200
In base 15, what is -450a039 - 5?
-450a03e
In base 9, what is 120736 + 661?
121507
In base 16, what is 7 + -1a78b5?
-1a78ae
In base 11, what is 154501 + -41?
154470
In base 6, what is 5 - -13033344?
13033353
In base 5, what is -2 + 140400433301?
140400433244
In base 3, what is 1010001 + 11012020?
12022021
In base 5, what is 100421031 + -314?
100420212
In base 4, what is 2 - 11322133121?
-11322133113
In base 3, what is 1100222210 + 102001100?
1210001010
In base 13, what is 52aa + -cc5?
42b5
In base 13, what is 6b70bc4 + 20?
6b70c14
In base 16, what is 14 - -87436?
8744a
In base 10, what is 21767 + -4457?
17310
In base 15, what is -30b00 - -1a?
-30ad5
In base 9, what is -35887 - -1742?
-34145
In base 11, what is -6 + 536273?
536268
In base 13, what is -6cba4 + 50?
-6cb54
In base 14, what is 243 + -1706?
-14a3
In base 14, what is -3c28 + 1b4?
-3a54
In base 13, what is -304680 + 17?
-304666
In base 6, what is -211200 - -12051?
-155105
In base 8, what is -524 - -172211?
171465
In base 16, what is 5 - 30fd9d?
-30fd98
In base 2, what is 10000111010010011 - 1100000101001?
1111011001101010
In base 12, what is -30 + 48372a8?
4837278
In base 16, what is 34 + 11126?
1115a
In base 12, what is -2a09 + 47866?
44a59
In base 10, what is -14154313 - -5?
-14154308
In base 11, what is 11 + -9994a13?
-9994a02
In base 9, what is -205 + -1106384?
-1106600
In base 10, what is -15573824 - -2?
-15573822
In base 4, what is -21100012221 + -2212?
-21100021033
In base 8, what is 152 + -317770?
-317616
In base 12, what is -2251 - a69b?
-10930
In base 10, what is 1702110 - 7?
1702103
In base 9, what is 421481 + 121?
421612
In base 14, what is -cd + d229?
d13a
In base 2, what is -1001001000101001 - -110110010?
-1001000001110111
In base 6, what is 542414 - -1321?
544135
In base 7, what is -1241021261 - -12?
-1241021246
In base 6, what is -31 + -50423234?
-50423305
In base 2, what is 110 + -1010000011101011?
-1010000011100101
In base 3, what is -11021 - 2011021221001?
-2011022002022
In base 3, what is 22 - 201211220021?
-201211212222
In base 3, what is 21012112021101 - 1011?
21012112020020
In base 9, what is 63410 + -335?
63064
In base 9, what is 0 + 68224228?
68224228
In base 2, what is -100110 + -10111000110010011000?
-10111000110010111110
In base 15, what is 3367ee + -d?
3367e1
In base 8, what is -1 + -215334636?
-215334637
In base 10, what is -17 + -683781?
-683798
In base 9, what is -2771871136 - -2?
-2771871134
In base 10, what is -1 - -73919345?
73919344
In base 3, what is 1201111 - -211001200?
212210011
In base 15, what is -19c4e54 - -1?
-19c4e53
In base 11, what is -93538 - -a?
-93529
In base 9, what is 2 - -140324273?
140324275
In base 13, what is 5196635 - 2?
5196633
In base 10, what is -21 - -387716?
387695
In base 12, what is -3126184 - 1?
-3126185
In base 5, what is -1213124 + -3020?
-1221144
In base 2, what is 10000110110 + -11000011111000010?
-11000001110001100
In base 8, what is 170 + 2556?
2746
In base 14, what is 1a + -3a66b3?
-3a6697
In base 15, what is 1836 - 325?
1511
In base 9, what is -432 - 44422?
-44854
In base 12, what is 41 + 65958?
65999
In base 2, what is -101110010011000100 - 110000?
-101110010011110100
In base 15, what is 247acd + -5b?
247a72
In base 4, what is 10 + 21112210002?
21112210012
In base 3, what is 221110222221 - -21100?
221111021021
In base 3, what is 10 + -21011222222121?
-21011222222111
In base 12, what is -140a7b + -1a74?
-142933
In base 10, what is 2046 - -12441?
14487
In base 9, what is -300 - -313521?
313221
In base 4, what is 121030200 - -12100?
121102300
In base 10, what is -2580103 - 8?
-2580111
In base 8, what is 151425 - 10756?
140447
In base 7, what is -403 + -156013?
-156416
In base 7, what is 1142266 + -155?
1142111
In base 4, what is -213132312303 - 11?
-213132312320
In base 10, what is 1855005 - 4?
1855001
In base 14, what is -3a1aa + 3b?
-3a16d
In base 16, what is -3 - -31c6d3?
31c6d0
In base 15, what is 36ca679 - 0?
36ca679
In base 16, what is 28140c - 30?
2813dc
In base 4, what is 13001013 + 1203?
13002222
In base 12, what is -91a4a4 - -7?
-91a499
In base 5, what is -1324234230 + -44?
-1324234324
In base 12, what is -35b - 71675?
-71a14
In base 12, what is -17122 + -10128?
-2724a
In base 11, what is -2a3683 + 25?
-2a3659
In base 3, what is -10200 - -20121002200?
20120222000
In base 10, what is -3 - -615801?
615798
In base 13, what is 156 - -60905?
60a5b
In base 9, what is -10765 + 4425?
-5340
In base 2, what is -10010011001101001001001111100 + -101?
-10010011001101001001010000001
In base 2, what is -1110110 - -111011100100001100?
111011100010010110
In base 4, what is 0 + 311102230313?
311102230313
In base 11, what is 0 - 746061?
-746061
In base 13, what is -b4626 + 355?
-b42a1
In base 6, what is 2 + 330055141?
330055143
In base 4, what is -3122 - -20030032?
20020310
In base 12, what is -47 + 1b0b581?
1b0b536
In base 9, what is -1 - 11623606?
-11623607
In base 14, what is 6143b1 - -2?
6143b3
In base 15, what is 1b - -3d603?
3d61e
In base 5, what is -302032 - 111112?
-413144
In base 8, what is 5160 - 273?
4665
In base 13, what is 6052c + 25b?
6078a
In base 8, what is 1164662764 - 0?
1164662764
In base 13, what is 4 - -cc4a32a?
cc4a331
In base 16, what is -5 + -1465cb88?
-1465cb8d
In base 9, what is 6563061 + 5?
6563066
In base 2, what is -101101010001110010110101 + 1001?
-101101010001110010101100
In base 3, what is -1 + 10212221121020?
10212221121012
In base 13, what is b0a8 - 177?
ac31
In base 6, what is 40435 + 425243?
510122
In base 9, what is -160782 - -48?
-160733
In base 12, what is -4 - 414613?
-414617
In base 6, what is 15215012 - 25?
15214543
In base 14, what is 5 - -5a64d2?
5a64d7
In base 11, what is -14805508 - -4?
-14805504
In base 15, what is a52dc + 56?
a5343
In base 14, what is -2a + -38db7b?
-38dba7
In base 15, what is -b718c - 5?
-b7192
In base 2, what is 1 - 101110100011110101110111?
-101110100011110101110110
In base 11, what is -6915375 + 16?
-691535a
In base 8, what is -212155113 + 3?
-212155110
In base 5, what is -20033301040 + 4?
-20033301031
In base 15, what is 5 - -32c37?
32c3c
In base 13, what is -32cc - 520?
-381c
In base 7, what is -454435 - 2440?
-460205
In base 15, what is 427 + 24c9?
2901
In 